 Let i(r) = -95*r + 51. Let h(v) = 2*i(v) - 9*w(v). What is the tens digit of h(8)?
9
Let y be 7 + -2 + (-4 - (1 - 2)). Suppose -523 = -5*s + 4*r, -2*s + 7*s + y*r = 541. What is the tens digit of s?
0
Let v be 3*3*21/9. Let o be ((-14)/v)/(4/(-18)). Let c(a) = 3*a**2 - 2*a - 3. What is the tens digit of c(o)?
1
Suppose -32 = -5*a + 4*g, -9 - 7 = -a + 4*g. Let q be (-2)/a + (-23)/(-2). Let y(p) = p**3 - 10*p**2 - 10*p + 14. What is the tens digit of y(q)?
2
Suppose -9159 = -4*f + 6961. What is the units digit of f?
0
Suppose p - 18 + 8 = 0. Suppose p = b + 5, -f - 4*b = -285. What is the units digit of f?
5
Let x(n) = 2*n - 9. Let t be x(7). Suppose -1 = -t*l + 24. Let h(s) = -s**3 + 7*s**2 - 6*s + 2. What is the units digit of h(l)?
2
Let m = 71 + -67. What is the units digit of -1*((0 - m) + 4 - 190)?
0
What is the thousands digit of (-23)/((-4)/(60*3)) - -4?
1
Let d(o) = 2*o**2 - 29*o - 7. Let q be d(16). Suppose q + 334 = 5*r. What is the tens digit of r?
7
Let j = 230 + -144. What is the units digit of j?
6
Let x(l) = -l**2 + l + 2*l**2 - 7 - 5 + 6*l. Let t = 16 + -25. What is the units digit of x(t)?
6
Let g(v) = -2*v + 18. Let p = -65 + 44. What is the units digit of g(p)?
0
Let o be (2/1)/((-7)/(-98)). Suppose 2*l - o = 2*v, 0 = -3*l - v + 35 - 9. What is the tens digit of 218/l - (-3)/15?
2
Let z(r) = 4*r. Let f be z(1). Suppose f*k + 62 = 14. What is the tens digit of 37 - (k/3 - -3)?
3
Let c(m) = -m**3 + 4*m**2 + 5*m + 4. Let s be c(5). Suppose 2*h = 4*r + 20, -3*r + s*r = -2. Let w(z) = 2*z**2 - 9*z + 3. What is the tens digit of w(h)?
2
Suppose 5*o - 836 = -2*r + o, -4*r = 2*o - 1672. Suppose t - 2*t + r = 5*k, 0 = 2*k + 2*t - 172. What is the tens digit of k?
8
Suppose -w = -17 + 13. Suppose -2*l = -4*y - 118, l = y - w + 63. What is the units digit of l?
9
Let o = 330 - 94. Suppose o = 7*y - 3*y. What is the tens digit of y?
5
Let m = -6246 + 9894. What is the thousands digit of m?
3
Suppose 4*v = 5*v. Suppose v = 2*k - 4*o - 68, 5*k = 2*o + 3*o + 155. What is the tens digit of k?
2
Let f be (-1)/((-2)/((-30)/(-3))). Suppose -2*q - 14 = 4*j, -20 - 4 = f*j - 4*q. Let z(m) = -18*m - 7. What is the tens digit of z(j)?
6
Let g(u) = -48*u**3 - u**2 + u + 1. Let b be g(-1). Suppose -18 - b = -5*y. Let f = 26 - y. What is the units digit of f?
3
Suppose 2264 = 22*z + 196. Suppose -2*u - 21 - 109 = -3*i, 2*i - z = 5*u. What is the tens digit of i?
4
Suppose 245 + 742 = 3*m. What is the units digit of m?
9
Let p = -216 - -95. Let b = 179 + p. What is the units digit of b?
8
Let y = -68 + 36. Let r(i) = -5*i - 42. Let d be r(-20). Let o = y + d. What is the units digit of o?
6
Let p be ((-3)/(-9))/(5/75). Suppose -3*q + p*t = -2, -4*q - t + 10 = -8. Suppose -2*c - 3*c = -4*b + 51, q*c = 2*b - 30. What is the units digit of b?
9
Let p(o) = -o**3 + 5*o**2 + o - 5. Let t be p(5). Suppose t*s + 3*s + 7 = -5*j, 2*j + 2*s = -2. Let q = 9 + j. What is the units digit of q?
7
Let y = -14 - -14. Suppose 0 = -y*s - s + 3. What is the tens digit of s/((-1)/((-28)/3))?
2
Suppose 3*k = 1080 + 477. What is the tens digit of k?
1
Suppose o + 2*r = 7*r + 415, 3*r = -5*o + 2019. What is the hundreds digit of o?
4
Let h(f) = 78*f**3 + 3*f**2 - 4*f - 2. What is the tens digit of h(2)?
2
Suppose -51*g + 139948 = 15763. What is the tens digit of g?
3
Suppose 12*c = 28848 + 7248. What is the hundreds digit of c?
0
Let w = 12 - -12. Let o = w - 20. Suppose 0 = -4*p - 20, o*p + 47 = 2*l + 3*p. What is the units digit of l?
1
Suppose -6 = 4*w + 2. Let i = w - -7. Suppose -f = 2*n + 4*f - 38, -161 = -i*n + 4*f. What is the units digit of n?
9
Let r = 23 - -1. Let i(c) = -2 - r - 7*c - c. What is the tens digit of i(-11)?
6
Let s(k) = k**2 - 11*k - 22. Let m be s(13). Suppose 31 = l - 0*l - m*u, -2*u + 22 = 2*l. What is the units digit of l?
5
Let u(p) = p**2 - 6*p + 2. Let c be u(6). Suppose -3*s = 3*i - 150, -3 = -c*i + s + 106. What is the tens digit of i?
5
Let y(s) = 74*s**3 - s**2 + 5*s - 11. What is the hundreds digit of y(3)?
9
Let q = 239 - 121. Suppose 162 = 7*f - q. Let g = f - 9. What is the tens digit of g?
3
Suppose 122 = 4*f + 42. Suppose -f*r = -19*r. Suppose -2*l + 8 + 4 = r. What is the units digit of l?
6
Let n(x) = -3*x**2 - x + 4. Let s be n(-2). What is the tens digit of ((-141)/s)/(2/4)?
4
Let w be -2 + 65/20 + 1/(-4). What is the tens digit of 3 + w + 288/3?
0
Let z(j) = -169*j**2 - 8*j + 2. Let y be z(5). What is the hundreds digit of ((-4)/(-6))/((-14)/y)?
2
Suppose -5*j - z + 12499 = 0, -3*z - 1281 = 2*j - 6278. What is the units digit of j?
0
Suppose 5*o = 16 + 4. Suppose 135 = -o*l + 7*l. What is the units digit of l?
5
Suppose 5*f - 8*f + 3 = -3*l, 4*f = -5*l + 40. Let x(t) = 2*t - 4*t - 2*t**2 + 4*t**2 - 2*t - 7. What is the units digit of x(f)?
3
Suppose -4*a = -5*j + 292, -11 + 123 = 2*j - 4*a. Suppose 4*i = -x - 0*i + j, -x + 3*i + 25 = 0. What is the tens digit of x?
4
Let v(h) = 50*h**2 + 42*h**2 + 2*h + 41*h**2 - 138*h**2 + h**3 + 7. What is the tens digit of v(5)?
1
Let y = -28 + 10. Let r be (-4)/y - 112/18. What is the tens digit of ((-14)/r)/((-4)/(-36))?
2
Let w be 1/(-8) - 5104/128. Let t = 80 + w. Suppose -2*z = -5*k - 10, 5*k = 3*z + z - t. What is the tens digit of z?
1
Suppose 5*x + 5 = -5*q, -4*q + 2*x + 25 - 5 = 0. Suppose 0 = -r + 3*b + 107, q*r - 59 = b + 238. What is the units digit of r?
8
Suppose 5*a - 3*a = -r + 676, 0 = a. What is the hundreds digit of r?
6
Let v = -1 - -13. Suppose 0 = -4*h - n - 95, v = -n - 3*n. Let z = h - -25. What is the units digit of z?
2
Let t be 8/(-32) + 26/8. Let v(w) = w**3 - 2*w**2 - 2*w - 3. Let d be v(t). Suppose d = -0*g + 3*g - 57. What is the units digit of g?
9
Suppose -8*w = 914 + 630. Let k = w + 271. What is the units digit of k?
8
Let j(z) = z**2 + 6*z - 11. Let l be j(-8). Let a(x) = 39*x + 4. Let t(f) = 79*f + 9. Let o(d) = l*a(d) - 2*t(d). What is the tens digit of o(1)?
3
Suppose 5*j - 24 = 3*j. Let d = j - 7. Suppose -q + 22 = 4*s - 8, q = s - d. What is the units digit of s?
7
Suppose -3*r - 6*r = -459. Suppose -401 = -7*q - r. What is the units digit of q?
0
Let b be (5/2 + -3)*-10. Suppose 0 = -3*s + b*m - 31, -24 - 6 = 5*s - 4*m. What is the units digit of (-17)/s*16/8?
7
Let n(b) = b + 9. Let i be n(0). Suppose -i*u + 7*u = -20. What is the tens digit of u?
1
Let p be 7/((-21)/81) + 3. What is the tens digit of (-3186)/p + 2/8 - 0?
3
Let r = -2100 - -3631. What is the units digit of r?
1
Suppose 193 = 4*v - 99. Let d(u) = u**3 - 16*u**2 + 21*u + 18. Let i be d(15). Let r = i - v. What is the tens digit of r?
3
Suppose 1104 = -y + 9*y. What is the tens digit of y?
3
Suppose 4*w + 0*w = -124. Let x = w - -43. What is the tens digit of x?
1
Let b = -418 + 294. Let u be b/44 - (-2)/(-11). Let z = 30 + u. What is the units digit of z?
7
Suppose -9 = -4*a + 3. Let d = 58 - -74. Suppose 3*n - d = -a*n. What is the units digit of n?
2
Let v(b) = -206*b - 9. What is the units digit of v(-7)?
3
Let w(s) = 29*s**2 - s. Let p = -35 + 34. What is the tens digit of w(p)?
3
Let j be (-2)/1 + (-6 - -12). Suppose -5*y = -j - 6. Let i(t) = 3*t**3 + 2*t - 2. What is the units digit of i(y)?
6
Suppose -r + 15591 = 5*k, -3*k + 90*r + 9349 = 92*r. What is the tens digit of k?
1
Suppose u + 764 = 5*u. Let y = u + -107. What is the tens digit of y?
8
Suppose -5*t + 5*o - 126 = -1371, 2*o = -2*t + 478. What is the units digit of t?
4
Let t(k) = 2*k + 2. Let j be t(2). Let x be 3 - (54/45 - (-2)/(-10)). Suppose -j*o + x*o = -4. What is the units digit of o?
1
Suppose -4*z = -9*z + 210. Let j be (-5)/10*(-9)/(36/32). Suppose -q = -j*q + z. What is the tens digit of q?
1
Let p = 3258 + -2250. What is the hundreds digit of p?
0
Let t = 659 - 374. What is the units digit of t?
5
Let x = 781 + -186. What is the units digit of x?
5
Let n be (-4 + 0 - 0) + -1. Let c(p) = 2*p**2 - 2*p - 3. What is the tens digit of c(n)?
5
Suppose 4*z = -4*o, 2*o = z - 0*z. Suppose o = -4*u, -49 + 11 = -2*n - 3*u. Suppose i = 14 + n. What is the units digit of i?
3
Let m(z) = z**2 - z + 2. Let y be m(0). Suppose -y*c - 5*l + 70 = 0, 24 = 5*c - l - 97. What is the units digit of c?
5
Let h(p) = p**2 - 16*p - 7. Let f be h(14). Let a be -3*(f - (-3)/(-1)). Suppose a = 5*x - 3*x + 4*v, -5*v + 166 = 3*x. What